{"id":76,"date":"2022-12-21T19:44:01","date_gmt":"2022-12-21T18:44:01","guid":{"rendered":"http:\/\/arts-martiaux-guebwiller-kingersheim.com\/?page_id=76"},"modified":"2025-10-29T11:35:46","modified_gmt":"2025-10-29T10:35:46","slug":"raphael-schmitz","status":"publish","type":"page","link":"https:\/\/arts-martiaux-guebwiller-kingersheim.com\/index.php\/raphael-schmitz\/","title":{"rendered":"Raphael Schmitz"},"content":{"rendered":"<div class=\"wp-block-image\">\n<figure class=\"aligncenter size-full\"><img loading=\"lazy\" decoding=\"async\" width=\"354\" height=\"382\" src=\"https:\/\/arts-martiaux-guebwiller-kingersheim.com\/wp-content\/uploads\/2022\/12\/Raphael-Schmitz-Palmares.jpg\" alt=\"\" class=\"wp-image-140\" srcset=\"https:\/\/arts-martiaux-guebwiller-kingersheim.com\/wp-content\/uploads\/2022\/12\/Raphael-Schmitz-Palmares.jpg 354w, https:\/\/arts-martiaux-guebwiller-kingersheim.com\/wp-content\/uploads\/2022\/12\/Raphael-Schmitz-Palmares-278x300.jpg 278w\" sizes=\"auto, (max-width: 354px) 100vw, 354px\" \/><\/figure>\n<\/div>\n\n\n<p><strong>PALMARES :<\/strong><\/p>\n\n\n\n<p>8 fois champion du monde masters (4 fois IBJJF et 3 fois CBJJE)<\/p>\n\n\n\n<p>17 fois champion d&#8217;Europe<\/p>\n\n\n\n<p>Titulaire des Brevets d\u2019Etat de judo , Tae Kwon Do et aide moniteur de sport<\/p>\n\n\n\n<p>Ceinture noire 5<sup>\u00e8<\/sup>&nbsp;Dan de Judo,&nbsp;6\u00e8me degr\u00e9&nbsp;en sambo&nbsp;<\/p>\n\n\n\n<p>Ceinture noire&nbsp;7<sup>\u00e8<\/sup>&nbsp;Degr\u00e9 de Nunchaku et Combat Complet<\/p>\n\n\n\n<p>Ceinture noire de Tae Kwon Do&nbsp;2\u00e8me dan&nbsp;<\/p>\n\n\n\n<p>Ceinture noire jiu jitsu Br\u00e9silien 5\u00e8me degr\u00e9 ( d\u00e9livr\u00e9 par Maitre Riccardo de la Riva) <\/p>\n\n\n\n<p>3 fois champion du monde de Combat Complet,<\/p>\n\n\n\n<p>12 fois Champion du monde de Jiu Jitsu br\u00e9silien (masters&nbsp;)<\/p>\n\n\n\n<p>Champion du monde de Kempo<\/p>\n\n\n\n<p>3\u00e8me au championnat du monde de kempo kick boxing<\/p>\n\n\n\n<p>18&nbsp;fois Champion du Monde de Nunchaku,<\/p>\n\n\n\n<p>Champion de France de Judo (FNSU)<\/p>\n\n\n\n<p>m\u00e9daill\u00e9 aux championnats d\u2019Europe<\/p>\n\n\n\n<p>championnat du monde masters de judo<\/p>\n\n\n\n<p>20&nbsp;fois Champion de France de Sambo<\/p>\n\n\n\n<p>Champion du Monde de Sambo (en Masters&nbsp;\u201368kg)<\/p>\n\n\n\n<p>champion du monde de kombat sambo<\/p>\n\n\n\n<p>Champion du monde de judo WIBK<\/p>\n\n\n\n<p>Champion du monde de krav maga <\/p>\n\n\n\n<p>15 fois champion&nbsp;d\u2019Europe Jiu-Jitsu Br\u00e9silien<\/p>\n\n\n\n<p>expert en Combat libre<\/p>\n\n\n\n<p>4 fois vainqueur du Tournoi des Ceintures d\u2019Or de Pankido<\/p>\n\n\n\n<p>Champion de France de Tae Kwon Do FFST&nbsp;et FSGT<\/p>\n\n\n\n<p>M\u00e9daill\u00e9 aux championnats de France de karat\u00e9 Jutsu<\/p>\n\n\n\n<p>Champion d\u2019Europe de combat boxing<\/p>\n\n\n\n<p><\/p>\n\n\n\n<p>Plusieurs fois champion du NAGA jiu&nbsp; jitsu Br\u00e9silien (Allemagne 2016 &#8211; 2017-2021 )<\/p>\n\n\n\n<p><strong>PLUS DE&nbsp; 1100 COMBATS GAGNES EN COMPETITIONS OFFICIELLE<\/strong><\/p>\n\n\n\n<p><strong>(1300 avec les comp\u00e9titions de nunchaku).<\/strong><\/p>\n\n\n\n<p><\/p>\n\n\n\n<p><strong><em><u>Videos&nbsp; Raphael Schmitz :<\/u><\/em><\/strong>&nbsp;<\/p>\n\n\n\n<p><\/p>\n\n\n\n<figure class=\"wp-block-embed is-type-video is-provider-youtube wp-block-embed-youtube wp-embed-aspect-16-9 wp-has-aspect-ratio\"><div class=\"wp-block-embed__wrapper\">\n<iframe loading=\"lazy\" title=\"Raphael Schmitz sambo combat - France  2001 (video1)\" width=\"474\" height=\"267\" src=\"https:\/\/www.youtube.com\/embed\/-DXzyLUGrRw?feature=oembed\" frameborder=\"0\" allow=\"accelerometer; autoplay; clipboard-write; encrypted-media; gyroscope; picture-in-picture; web-share\" referrerpolicy=\"strict-origin-when-cross-origin\" allowfullscreen><\/iframe>\n<\/div><\/figure>\n\n\n\n<figure class=\"wp-block-embed is-type-video is-provider-youtube wp-block-embed-youtube wp-embed-aspect-16-9 wp-has-aspect-ratio\"><div class=\"wp-block-embed__wrapper\">\n<iframe loading=\"lazy\" title=\"Raphael Schmitz sambo combat - France  2001 (video2)\" width=\"474\" height=\"267\" src=\"https:\/\/www.youtube.com\/embed\/nZEwYtSkUhc?feature=oembed\" frameborder=\"0\" allow=\"accelerometer; autoplay; clipboard-write; encrypted-media; gyroscope; picture-in-picture; web-share\" referrerpolicy=\"strict-origin-when-cross-origin\" allowfullscreen><\/iframe>\n<\/div><\/figure>\n\n\n\n<figure class=\"wp-block-embed is-type-video is-provider-youtube wp-block-embed-youtube wp-embed-aspect-16-9 wp-has-aspect-ratio\"><div class=\"wp-block-embed__wrapper\">\n<iframe loading=\"lazy\" title=\"Raphael Schmitz - sambo sportif - (France  2004)\" width=\"474\" height=\"267\" src=\"https:\/\/www.youtube.com\/embed\/wanmZkl57fo?feature=oembed\" frameborder=\"0\" allow=\"accelerometer; autoplay; clipboard-write; encrypted-media; gyroscope; picture-in-picture; web-share\" referrerpolicy=\"strict-origin-when-cross-origin\" allowfullscreen><\/iframe>\n<\/div><\/figure>\n\n\n\n<p>Rio JJB&nbsp;:<\/p>\n\n\n\n<figure class=\"wp-block-embed is-type-video is-provider-youtube wp-block-embed-youtube wp-embed-aspect-16-9 wp-has-aspect-ratio\"><div class=\"wp-block-embed__wrapper\">\n<iframe loading=\"lazy\" title=\"Raphael Schmitz - championnat du monde jiu jitsu Br\u00e9silien ( Rio 2004)\" width=\"474\" height=\"267\" src=\"https:\/\/www.youtube.com\/embed\/otzNJs6GAn4?feature=oembed\" frameborder=\"0\" allow=\"accelerometer; autoplay; clipboard-write; encrypted-media; gyroscope; picture-in-picture; web-share\" referrerpolicy=\"strict-origin-when-cross-origin\" allowfullscreen><\/iframe>\n<\/div><\/figure>\n\n\n\n<figure class=\"wp-block-embed is-type-video is-provider-youtube wp-block-embed-youtube wp-embed-aspect-16-9 wp-has-aspect-ratio\"><div class=\"wp-block-embed__wrapper\">\n<iframe loading=\"lazy\" title=\"Raphael Schmitz - championnat du monde de jiu jitsu Br\u00e9silien ( Rio 2004)\" width=\"474\" height=\"267\" src=\"https:\/\/www.youtube.com\/embed\/t6yr3vFOcSw?feature=oembed\" frameborder=\"0\" allow=\"accelerometer; autoplay; clipboard-write; encrypted-media; gyroscope; picture-in-picture; web-share\" referrerpolicy=\"strict-origin-when-cross-origin\" allowfullscreen><\/iframe>\n<\/div><\/figure>\n","protected":false},"excerpt":{"rendered":"<p>PALMARES : 8 fois champion du monde masters (4 fois IBJJF et 3 fois CBJJE) 17 fois champion d&#8217;Europe Titulaire des Brevets d\u2019Etat de judo , Tae Kwon Do et aide moniteur de sport Ceinture noire 5\u00e8&nbsp;Dan de Judo,&nbsp;6\u00e8me degr\u00e9&nbsp;en sambo&nbsp; Ceinture noire&nbsp;7\u00e8&nbsp;Degr\u00e9 de Nunchaku et Combat Complet Ceinture noire de Tae Kwon Do&nbsp;2\u00e8me dan&nbsp; &hellip; <a href=\"https:\/\/arts-martiaux-guebwiller-kingersheim.com\/index.php\/raphael-schmitz\/\" class=\"more-link\">Continue reading <span class=\"screen-reader-text\">Raphael Schmitz<\/span> <span class=\"meta-nav\">&rarr;<\/span><\/a><\/p>\n","protected":false},"author":1,"featured_media":0,"parent":0,"menu_order":0,"comment_status":"closed","ping_status":"closed","template":"","meta":{"footnotes":""},"class_list":["post-76","page","type-page","status-publish","hentry"],"_links":{"self":[{"href":"https:\/\/arts-martiaux-guebwiller-kingersheim.com\/index.php\/wp-json\/wp\/v2\/pages\/76","targetHints":{"allow":["GET"]}}],"collection":[{"href":"https:\/\/arts-martiaux-guebwiller-kingersheim.com\/index.php\/wp-json\/wp\/v2\/pages"}],"about":[{"href":"https:\/\/arts-martiaux-guebwiller-kingersheim.com\/index.php\/wp-json\/wp\/v2\/types\/page"}],"author":[{"embeddable":true,"href":"https:\/\/arts-martiaux-guebwiller-kingersheim.com\/index.php\/wp-json\/wp\/v2\/users\/1"}],"replies":[{"embeddable":true,"href":"https:\/\/arts-martiaux-guebwiller-kingersheim.com\/index.php\/wp-json\/wp\/v2\/comments?post=76"}],"version-history":[{"count":10,"href":"https:\/\/arts-martiaux-guebwiller-kingersheim.com\/index.php\/wp-json\/wp\/v2\/pages\/76\/revisions"}],"predecessor-version":[{"id":2241,"href":"https:\/\/arts-martiaux-guebwiller-kingersheim.com\/index.php\/wp-json\/wp\/v2\/pages\/76\/revisions\/2241"}],"wp:attachment":[{"href":"https:\/\/arts-martiaux-guebwiller-kingersheim.com\/index.php\/wp-json\/wp\/v2\/media?parent=76"}],"curies":[{"name":"wp","href":"https:\/\/api.w.org\/{rel}","templated":true}]}}