{"id":70,"date":"2022-12-21T19:43:21","date_gmt":"2022-12-21T18:43:21","guid":{"rendered":"http:\/\/arts-martiaux-guebwiller-kingersheim.com\/?page_id=70"},"modified":"2026-03-30T19:08:13","modified_gmt":"2026-03-30T17:08:13","slug":"competitions","status":"publish","type":"page","link":"https:\/\/arts-martiaux-guebwiller-kingersheim.com\/index.php\/competitions\/","title":{"rendered":"Comp\u00e9titions"},"content":{"rendered":"\n<p><\/p>\n\n\n\n<p><strong>Calendrier pr\u00e9visionnel <\/strong><\/p>\n\n\n\n<ul class=\"wp-block-list\">\n<li><strong>01<\/strong>.<strong>03.2026<\/strong> :&nbsp; Championnat du Grand Est soumission \u00e0 Sarrebourg (FFKMDA)<\/li>\n\n\n\n<li><strong>01.03.2026<\/strong> :&nbsp; Championnat du Grand Est de Boxe Tha\u00ef educatif&nbsp; ( enfants) \u00e0 Epinal<\/li>\n\n\n\n<li><strong>15<\/strong>.<strong>03.2026<\/strong> : Championnat de France semi contact \u00e0 Eculy<\/li>\n\n\n\n<li><strong>28 et 29.03.2026 :<\/strong> Championnat de France de sambo sportif enfant et adultes \u00e0 Ceyrat<\/li>\n\n\n\n<li><strong>19<\/strong>.<strong>04.2026<\/strong> :&nbsp; Championnat de France krav maga :&nbsp; combat libre en cage \/ combat self defense \u00e0 Paris<\/li>\n\n\n\n<li><strong>25 et 26.04.2026<\/strong> : Championnat de France FSGT de MMA et&nbsp; Combat Libre \u00e0 Noyal sur Vilaine (Bretagne)<\/li>\n\n\n\n<li><strong>26.04.2026 : <\/strong>Championnat d\u2019Europe master jiu jitsu Br\u00e9silien \u00e0 Barcelone (IBJJF)<\/li>\n\n\n\n<li><strong>24<\/strong>.<strong>05.2026<\/strong> : Coupe de France combat jiu jitsu ( Gi \u2013 NOGI) combat complet, cadet \u00e0 masters \u00e0 Belfort<\/li>\n\n\n\n<li><strong>30.05.2026<\/strong> : Championnat de France de Boxe Anglaise&nbsp; \u00e0 Mulhouse<\/li>\n\n\n\n<li><strong>06 et 07.06.2026 :<\/strong>&nbsp; Championnat de France FSGT de Muay Tha\u00ef \u00e0 Epinal<\/li>\n\n\n\n<li><strong>22 et 23 novembre 2025 : <\/strong>Internationaux Allemagne de Jiu Jitsu Bresilien ( NOGI), samedi adulte \/ Dimanche enfant<\/li>\n<\/ul>\n\n\n\n<p><em>Pour participer aux comp\u00e9titions il faut imp\u00e9rativement avoir le sweat ou surv\u00eatement du club.<\/em> <em>Pour les comp\u00e9titeurs&nbsp; des frais d\u2019inscriptions sont demand\u00e9s et peuvent \u00eatre rembours\u00e9s ( partiellement ou en totalit\u00e9), suivant les crit\u00e8res suivants&nbsp; :<\/em><\/p>\n\n\n\n<ul class=\"wp-block-list\">\n<li><em>Si le comp\u00e9titeur apporte son aide lors de l\u2019organisation d\u2019une manifestation ( loto \u2026)<\/em><\/li>\n\n\n\n<li><em>Si le comp\u00e9titeur fait un podium<\/em><\/li>\n\n\n\n<li><em>Championnat de l\u2019Est, de France, Europe, monde ( pas les tournois)<\/em><\/li>\n<\/ul>\n\n\n\n<p><em>Dans tous les cas faire une demande avant la comp\u00e9tition pour validation.<\/em> <em>Dans la mesure du possible quand une \u00e9quipe se d\u00e9place en voiture ou avec le mini-bus du club, les frais de d\u00e9placements sont pris en compte par le club.<\/em><\/p>\n\n\n\n<p style=\"font-size:6px\">MMA ( mixed martial arts) \/ jiu jitsu Br\u00e9silien ( r\u00e9gion Mulhouse &#8211; Kingersheim &#8211; Guebwiller)\/ Schmitz Team<\/p>\n\n\n\n<p><\/p>\n\n\n\n<p><\/p>\n\n\n\n<figure class=\"wp-block-image size-large\"><img loading=\"lazy\" decoding=\"async\" width=\"1024\" height=\"375\" src=\"https:\/\/arts-martiaux-guebwiller-kingersheim.com\/wp-content\/uploads\/2026\/03\/Coupe-de-france-a-Belfort-1024x375.png\" alt=\"\" class=\"wp-image-2546\" srcset=\"https:\/\/arts-martiaux-guebwiller-kingersheim.com\/wp-content\/uploads\/2026\/03\/Coupe-de-france-a-Belfort-1024x375.png 1024w, https:\/\/arts-martiaux-guebwiller-kingersheim.com\/wp-content\/uploads\/2026\/03\/Coupe-de-france-a-Belfort-300x110.png 300w, https:\/\/arts-martiaux-guebwiller-kingersheim.com\/wp-content\/uploads\/2026\/03\/Coupe-de-france-a-Belfort-768x281.png 768w, https:\/\/arts-martiaux-guebwiller-kingersheim.com\/wp-content\/uploads\/2026\/03\/Coupe-de-france-a-Belfort-1536x562.png 1536w, https:\/\/arts-martiaux-guebwiller-kingersheim.com\/wp-content\/uploads\/2026\/03\/Coupe-de-france-a-Belfort-2048x749.png 2048w\" sizes=\"auto, (max-width: 1024px) 100vw, 1024px\" \/><\/figure>\n\n\n\n<p>INSCRIPTION SUR SMOOTHCOMP  &#8211; LIEN D&#8217;INSCRIPTION ET RENSEIGNEMENTS COMPL\u00c9MENTAIRES SUR LE SITE :<\/p>\n\n\n\n<p><a href=\"https:\/\/www.combat-complet.fr\/?page_id=123\">https:\/\/www.combat-complet.fr\/?page_id=123<\/a><\/p>\n\n\n\n<p> <\/p>\n\n\n\n<p><\/p>\n\n\n<div class=\"wp-block-image\">\n<figure class=\"aligncenter size-full is-resized\"><img loading=\"lazy\" decoding=\"async\" width=\"822\" height=\"789\" src=\"https:\/\/arts-martiaux-guebwiller-kingersheim.com\/wp-content\/uploads\/2026\/01\/competition-mma.png\" alt=\"\" class=\"wp-image-2355\" style=\"aspect-ratio:1.0418248913580088;width:464px;height:auto\" srcset=\"https:\/\/arts-martiaux-guebwiller-kingersheim.com\/wp-content\/uploads\/2026\/01\/competition-mma.png 822w, https:\/\/arts-martiaux-guebwiller-kingersheim.com\/wp-content\/uploads\/2026\/01\/competition-mma-300x288.png 300w, https:\/\/arts-martiaux-guebwiller-kingersheim.com\/wp-content\/uploads\/2026\/01\/competition-mma-768x737.png 768w\" sizes=\"auto, (max-width: 822px) 100vw, 822px\" \/><\/figure>\n<\/div>\n\n\n<p class=\"has-black-color has-text-color has-link-color wp-elements-9ac00cf961d1ea846fe5a532228b76c6\"><\/p>\n\n\n\n<p><\/p>\n\n\n\n<p><\/p>\n\n\n\n<p class=\"has-text-align-center\">Championnat de France MMA ( FSGT) \u00e0 Saint Girons <\/p>\n\n\n<figure class=\"wp-block-image aligncenter size-full is-resized\"><img loading=\"lazy\" decoding=\"async\" width=\"720\" height=\"540\" src=\"https:\/\/arts-martiaux-guebwiller-kingersheim.com\/wp-content\/uploads\/2023\/06\/mma-dojo-form-guebwiller-schmitz-team-kingersheim-combat.jpg\" alt=\"\" class=\"wp-image-492\" style=\"width:496px;height:372px\" srcset=\"https:\/\/arts-martiaux-guebwiller-kingersheim.com\/wp-content\/uploads\/2023\/06\/mma-dojo-form-guebwiller-schmitz-team-kingersheim-combat.jpg 720w, https:\/\/arts-martiaux-guebwiller-kingersheim.com\/wp-content\/uploads\/2023\/06\/mma-dojo-form-guebwiller-schmitz-team-kingersheim-combat-300x225.jpg 300w\" sizes=\"auto, (max-width: 720px) 100vw, 720px\" \/><\/figure>\n\n\n<p><\/p>\n\n\n\n<p class=\"has-text-align-center\">HFC (Suisse) <\/p>\n\n\n<figure class=\"wp-block-image aligncenter size-full is-resized\"><img loading=\"lazy\" decoding=\"async\" width=\"526\" height=\"518\" src=\"https:\/\/arts-martiaux-guebwiller-kingersheim.com\/wp-content\/uploads\/2023\/05\/347116202_624002239724361_4140255322683310232_n.jpg\" alt=\"\" class=\"wp-image-437\" style=\"width:392px;height:386px\" srcset=\"https:\/\/arts-martiaux-guebwiller-kingersheim.com\/wp-content\/uploads\/2023\/05\/347116202_624002239724361_4140255322683310232_n.jpg 526w, https:\/\/arts-martiaux-guebwiller-kingersheim.com\/wp-content\/uploads\/2023\/05\/347116202_624002239724361_4140255322683310232_n-300x295.jpg 300w\" sizes=\"auto, (max-width: 526px) 100vw, 526px\" \/><\/figure>\n\n\n<p class=\"has-text-align-center\">Naga Allemagne Jiu jitsu Br\u00e9silien et grappling<\/p>\n\n\n<figure class=\"wp-block-image aligncenter size-full is-resized\"><img loading=\"lazy\" decoding=\"async\" width=\"960\" height=\"720\" src=\"https:\/\/arts-martiaux-guebwiller-kingersheim.com\/wp-content\/uploads\/2023\/06\/naga-allemagne-jiu-jitsi-bresilien-grappling-schmitz-team-guebwiller-kingersheim.jpg\" alt=\"\" class=\"wp-image-494\" style=\"width:519px;height:389px\" srcset=\"https:\/\/arts-martiaux-guebwiller-kingersheim.com\/wp-content\/uploads\/2023\/06\/naga-allemagne-jiu-jitsi-bresilien-grappling-schmitz-team-guebwiller-kingersheim.jpg 960w, https:\/\/arts-martiaux-guebwiller-kingersheim.com\/wp-content\/uploads\/2023\/06\/naga-allemagne-jiu-jitsi-bresilien-grappling-schmitz-team-guebwiller-kingersheim-300x225.jpg 300w, https:\/\/arts-martiaux-guebwiller-kingersheim.com\/wp-content\/uploads\/2023\/06\/naga-allemagne-jiu-jitsi-bresilien-grappling-schmitz-team-guebwiller-kingersheim-768x576.jpg 768w\" sizes=\"auto, (max-width: 960px) 100vw, 960px\" \/><\/figure>\n\n\n<p class=\"has-text-align-center\">Coupe du Grand Est de combat MMA light \u00e0 Rosenau<\/p>\n\n\n<figure class=\"wp-block-image aligncenter size-full is-resized\"><img loading=\"lazy\" decoding=\"async\" width=\"720\" height=\"540\" src=\"https:\/\/arts-martiaux-guebwiller-kingersheim.com\/wp-content\/uploads\/2023\/06\/championnat-combat-boxe-MMA-grappling-cage-guebwiller-kingersheim-schmitz-team-68.jpg\" alt=\"\" class=\"wp-image-496\" style=\"width:515px;height:386px\" srcset=\"https:\/\/arts-martiaux-guebwiller-kingersheim.com\/wp-content\/uploads\/2023\/06\/championnat-combat-boxe-MMA-grappling-cage-guebwiller-kingersheim-schmitz-team-68.jpg 720w, https:\/\/arts-martiaux-guebwiller-kingersheim.com\/wp-content\/uploads\/2023\/06\/championnat-combat-boxe-MMA-grappling-cage-guebwiller-kingersheim-schmitz-team-68-300x225.jpg 300w\" sizes=\"auto, (max-width: 720px) 100vw, 720px\" \/><\/figure>\n\n\n<p class=\"has-text-align-center\">&nbsp;Tournoi international grappling jiu jitsu Br\u00e9silien Industry \u00e0 Vienne.<\/p>\n\n\n<figure class=\"wp-block-image aligncenter size-full is-resized\"><img loading=\"lazy\" decoding=\"async\" width=\"526\" height=\"701\" src=\"https:\/\/arts-martiaux-guebwiller-kingersheim.com\/wp-content\/uploads\/2023\/06\/Belkoudia-Haytham-jiu-jitsu-bresilien-dojo-form-guebwiller-et-kingersheim.jpg\" alt=\"\" class=\"wp-image-499\" style=\"width:500px;height:666px\" srcset=\"https:\/\/arts-martiaux-guebwiller-kingersheim.com\/wp-content\/uploads\/2023\/06\/Belkoudia-Haytham-jiu-jitsu-bresilien-dojo-form-guebwiller-et-kingersheim.jpg 526w, https:\/\/arts-martiaux-guebwiller-kingersheim.com\/wp-content\/uploads\/2023\/06\/Belkoudia-Haytham-jiu-jitsu-bresilien-dojo-form-guebwiller-et-kingersheim-225x300.jpg 225w\" sizes=\"auto, (max-width: 526px) 100vw, 526px\" \/><\/figure>\n\n\n<p><\/p>\n","protected":false},"excerpt":{"rendered":"<p>Calendrier pr\u00e9visionnel Pour participer aux comp\u00e9titions il faut imp\u00e9rativement avoir le sweat ou surv\u00eatement du club. Pour les comp\u00e9titeurs&nbsp; des frais d\u2019inscriptions sont demand\u00e9s et peuvent \u00eatre rembours\u00e9s ( partiellement ou en totalit\u00e9), suivant les crit\u00e8res suivants&nbsp; : Dans tous les cas faire une demande avant la comp\u00e9tition pour validation. Dans la mesure du possible &hellip; <a href=\"https:\/\/arts-martiaux-guebwiller-kingersheim.com\/index.php\/competitions\/\" class=\"more-link\">Continue reading <span class=\"screen-reader-text\">Comp\u00e9titions<\/span> <span class=\"meta-nav\">&rarr;<\/span><\/a><\/p>\n","protected":false},"author":1,"featured_media":0,"parent":0,"menu_order":0,"comment_status":"closed","ping_status":"closed","template":"","meta":{"footnotes":""},"class_list":["post-70","page","type-page","status-publish","hentry"],"_links":{"self":[{"href":"https:\/\/arts-martiaux-guebwiller-kingersheim.com\/index.php\/wp-json\/wp\/v2\/pages\/70","targetHints":{"allow":["GET"]}}],"collection":[{"href":"https:\/\/arts-martiaux-guebwiller-kingersheim.com\/index.php\/wp-json\/wp\/v2\/pages"}],"about":[{"href":"https:\/\/arts-martiaux-guebwiller-kingersheim.com\/index.php\/wp-json\/wp\/v2\/types\/page"}],"author":[{"embeddable":true,"href":"https:\/\/arts-martiaux-guebwiller-kingersheim.com\/index.php\/wp-json\/wp\/v2\/users\/1"}],"replies":[{"embeddable":true,"href":"https:\/\/arts-martiaux-guebwiller-kingersheim.com\/index.php\/wp-json\/wp\/v2\/comments?post=70"}],"version-history":[{"count":96,"href":"https:\/\/arts-martiaux-guebwiller-kingersheim.com\/index.php\/wp-json\/wp\/v2\/pages\/70\/revisions"}],"predecessor-version":[{"id":2548,"href":"https:\/\/arts-martiaux-guebwiller-kingersheim.com\/index.php\/wp-json\/wp\/v2\/pages\/70\/revisions\/2548"}],"wp:attachment":[{"href":"https:\/\/arts-martiaux-guebwiller-kingersheim.com\/index.php\/wp-json\/wp\/v2\/media?parent=70"}],"curies":[{"name":"wp","href":"https:\/\/api.w.org\/{rel}","templated":true}]}}